- 5*g - 540. What is the highest common factor of n and 74?
37
Suppose -z - 37 = -4*f - 0*z, 4*f = -z + 27. Let u be (23 - 3)/(3 - 2). What is the highest common divisor of f and u?
4
Let l(z) = -103*z + 25. Let x be l(-4). What is the highest common factor of x and 19?
19
Let l be 65 + -1 - 1/(-1). Let a = -9718 - -9731. Calculate the highest common factor of a and l.
13
Let v be (-184)/(-40) + 4/10. Suppose 0 = 4*n + 126 - 346. Calculate the highest common divisor of v and n.
5
Suppose -3*q + q = -10. Suppose -3*v = -3*k + 15, -q = 2*v + 1. Let i be -3 - (k + -10 - -2). Calculate the highest common factor of 24 and i.
3
Let w be 1/(-4) - 18/(-8). Suppose 2*o - 36 = -w*o. Suppose o = v - 0. What is the highest common divisor of v and 9?
9
Let p(y) = 18*y - 239. Let r be p(14). What is the highest common divisor of r and 169?
13
Let w(y) = y**3 + 11*y**2 + 10*y + 3. Let v be w(-4). Let k = 78 - v. What is the highest common divisor of k and 6?
3
Suppose -2 + 26 = 4*w. Suppose -o - 680 = -554. Let i be 14/(-3)*o/w. Calculate the greatest common factor of 14 and i.
14
Let q(c) = 14*c**2 + c + 4. Let y = -78 + 76. Let k be q(y). Calculate the greatest common factor of 174 and k.
58
Let q(f) = -10*f - 11. Let x(a) = -5*a - 5. Let k(u) = 3*q(u) - 5*x(u). Let c be k(-8). Suppose n + 60 = 16*n. What is the highest common factor of n and c?
4
Suppose -465 = -5*w - 5*f, -2*f = -2*w - 46 + 232. Let o = w + -16. Let a be ((-11)/(-2))/(5/10). Calculate the greatest common factor of o and a.
11
Suppose 6*i - 3*i = 15. Let j = i + -2. Calculate the highest common factor of 2 and j.
1
Let s be 1/(92/(-44) - -2). Let y be (-4 + (-1 - s))*4. Calculate the highest common factor of 12 and y.
12
Let b(l) = 2*l. Let q be b(1). Suppose -4*x - q*j = -22, x - 4*j - 2 = 8. What is the greatest common divisor of x and 15?
3
Let v = 318 + -102. Calculate the highest common factor of 180 and v.
36
Let w(h) be the first derivative of h**3/3 - 4*h**2 + 17*h + 15. Let k be w(6). What is the greatest common divisor of k and 40?
5
Let g = 217 + -202. Let f be 3/(3/7) - 1. What is the greatest common divisor of g and f?
3
Let b be 81/((1/(-6))/((-4)/36)). Let c be 1/((3/(-6))/(-1)). Suppose 3*x - 16 - c = 0. Calculate the highest common divisor of b and x.
6
Let m be -1*5/(-10)*20. Let x be -30*8*(-24)/m. Suppose 0*s = -5*v + s + x, v - 5*s - 120 = 0. Calculate the highest common divisor of 23 and v.
23
Let f = 11 - 6. Suppose f = 3*m - 4. Suppose -m*u + 3*o + 71 = 23, 3*o = -9. What is the highest common factor of u and 65?
13
Let d be 4 - 4 - (-1368)/(-4). Let b = d - -552. Calculate the highest common factor of 42 and b.
42
Let j be 574 - 40/(40/4). Calculate the greatest common divisor of j and 6.
6
Let z(x) = -3*x**3 - 81*x**2 - 34*x + 28. Let y be z(-27). What is the highest common factor of 344 and y?
86
Suppose -2*u - 6 = -14. Suppose 0*s - h = s + 3, 12 = -u*h. Suppose o + 11 - 26 = s. What is the greatest common divisor of o and 3?
3
Let o be (-2)/(-2) - (8 - 18/2). Calculate the highest common factor of o and 50.
2
Suppose 4*f = 3*f + 1, 5*u - 363 = -3*f. Calculate the greatest common factor of 306 and u.
18
Let g(h) be the third derivative of h**5/60 - h**4 + h**3/2 - 38*h**2. Let j be g(24). Calculate the highest common divisor of j and 3.
3
Suppose 16*o - 700 - 4 = 0. Suppose 0 = -4*r - 5 + 25. Let d be (8/(-10))/((-1)/r). Calculate the highest common factor of o and d.
4
Let f = -937 + 996. What is the highest common factor of f and 413?
59
Suppose 0 = 2*z - 3*z - 14. Let p = 12 + z. Let r(h) = 4*h**2 + 3*h + 1. Let k be r(p). What is the highest common divisor of k and 22?
11
Let v be 8/4 + (0 - 0). Let o = v + 7. Let z = o - 0. Calculate the greatest common factor of 72 and z.
9
Let j(i) = -i**3 - 11*i**2 + 17*i - 3. Let m be j(-13). Suppose 4*b = -4*y + 300, 2*b - 2*y - 3*y = 157. What is the greatest common divisor of m and b?
38
Let x be (-1)/(-1*1/33). Suppose 0*u = 3*u - 9. Let c(q) = 3*q + 2. Let v be c(u). Calculate the highest common factor of x and v.
11
Let o be (-2 + 5)/(2/8). Let h(z) = 339*z**3 + 2*z**2 - z. Let l be h(1). Let m = l + -208. Calculate the greatest common factor of o and m.
12
Let k be (-3 + 1)/(-1 - 1). Suppose 2*y - k = 9. Let m(i) = -i + 6. Let p be m(y). Calculate the greatest common factor of p and 7.
1
Let h(j) = j**3 + 12*j**2 + 5*j + 9. Suppose 5*f + 13 = -32. Let m be h(f). Calculate the highest common factor of m and 23.
23
Let n(c) = c - 2. Suppose 0 = 4*m + 23 - 67. Let d be n(m). Calculate the greatest common divisor of d and 54.
9
Suppose 0 = 11*j - 1673 - 153. What is the greatest common factor of 747 and j?
83
Let q = -461 + 1020. What is the greatest common divisor of 86 and q?
43
Let j be (-1*2)/(2 + -3). Suppose -26*c + 1264 = -10*c. Let y = c + -76. Calculate the greatest common factor of j and y.
1
Let b(a) = 6*a + 585. Let z be b(0). What is the highest common divisor of 9 and z?
9
Let g(x) = x**3 + 5*x**2 + 5*x + 2. Let w be g(-3). Let d(m) = 22*m**2 + 5*m - 2. Let f be d(1). Calculate the highest common divisor of w and f.
5
Let k be (-68)/(-8) - 5/10. Let t(f) = 16*f**2 - f - 2. Let s be t(-2). Calculate the greatest common divisor of s and k.
8
Let h = -4 + 6. Suppose 0 = h*b + 2*b - 204. Let y be (-516)/(-15) - (-4)/(-10). Calculate the greatest common factor of y and b.
17
Suppose -5*n = 2*k - 7*k + 100, 2*k = -4*n + 28. Calculate the greatest common factor of k and 42.
6
Let f = 19 + -34. Let l be (10/f)/(4/(-30)). Suppose 2*a = j - 30, 0*a = -l*j + 5*a + 175. What is the greatest common factor of 10 and j?
10
Let z = -3332 - -4970. Calculate the highest common divisor of z and 14.
14
Suppose 12*i = 11*i + 4*x + 109, -3*x - 12 = 0. Let y(u) = -u + 62. Let k be y(0). Calculate the highest common factor of i and k.
31
Let k(b) = b**2 + b - 31. Let h be k(0). Suppose 82 = 24*y - 26*y. Let f = h - y. What is the highest common divisor of 70 and f?
10
Let c = 174 + -94. Suppose 3*s + 14 - 44 = 0. Calculate the greatest common divisor of c and s.
10
Let y = -8 + 11. Suppose -y*c = -4*c. Suppose -4*j + 0*j + 120 = c. What is the greatest common factor of 10 and j?
10
Let h = -1329 + 1782. What is the highest common divisor of 3 and h?
3
Let w be 8139/12 - (-1)/(-4). Let j = w - 454. Let c = j - 79. Calculate the highest common factor of 29 and c.
29
Suppose -2*v = -4*v + 36. Let z = v + -16. Suppose 5*p - z*s = -s + 1040, 0 = 4*p - 4*s - 816. What is the highest common factor of 19 and p?
19
Let r(h) = 3*h - 20. Let a(f) = -6*f + 39. Let o(p) = 4*a(p) + 9*r(p). Let n be o(10). What is the highest common factor of n and 138?
6
Let b = -86 - -45. Let n = 58 + b. What is the highest common factor of n and 17?
17
Suppose 0 + 3 = -3*k. Let v be -2 - (-12 + (k - 0)). Let b = 196 - 108. Calculate the greatest common factor of v and b.
11
Let q = 549 - 417. Suppose w = -3*h + 104, 0 = -2*h - 0*w + w + 61. Calculate the greatest common divisor of q and h.
33
Let f(c) = 3*c**2 + 41*c + 54. Let u be f(-13). What is the greatest common factor of 8 and u?
4
Let n = 249 - 237. Calculate the highest common divisor of n and 156.
12
Suppose 0 = 6*d - 2*d + 3*a - 54, 2*d - 3*a - 18 = 0. Calculate the highest common divisor of d and 27.
3
Let k = -176 + 148. Let r = 51 + k. Suppose p = 2*p - 253. What is the greatest common divisor of p and r?
23
Let t(j) = -j + 13. Suppose w + 2*w + 2*d = -73, -4*d = -3*w - 61. Let v = -32 - w. Let m be t(v). Calculate the highest common divisor of m and 110.
22
Let j(b) = 3*b - 3. Let t be j(6). Let h = -3420 + 3460. What is the greatest common factor of h and t?
5
Suppose -5*m - 202 = 43. Let y = m - -93. Calculate the greatest common divisor of 22 and y.
22
Let c(k) = -4*k + 199 - 199 + 50*k**2 + 2*k. Let a be c(1). Calculate the highest common divisor of 144 and a.
48
Let i = -80 + 95. Let v = -16 + 22. Suppose 225 = v*a - a. What is the highest common factor of i and a?
15
Let d be 1076/18 + (-108)/(-486). What is the highest common factor of d and 260?
20
Let c = -17 + 22. Suppose -c*x - 351 + 906 = 0. Suppose -115 = -l - 5*y, 0 = 2*l + 2*y - x - 87. What is the greatest common divisor of 19 and l?
19
Let l(u) = u**2 + 12*u - 73. Let s be l(-19). Calculate the greatest common factor o